
Let d(b) = -4 + 690*b**2 - 691*b**2 - 27 - 9*b. Let c be d(-7). What is the units digit of 0/(-4) - -4 - c?
1
Let b = -6 - -2. Let c be b + -1*(-1 + 0). What is the tens digit of (1*-67)/(2 + c)?
6
Suppose -10384 = -a - 3*g, -5*g + 9103 + 1281 = a. What is the thousands digit of a?
0
Let r(t) = 5*t**3 + 16*t**2 + 10*t - 54. Let v be r(7). Suppose v = 2*w - p, -11*p - 15 = -14*p. What is the tens digit of w?
6
Let p = 507 + -201. Let g = 636 - p. What is the units digit of g?
0
What is the hundreds digit of ((-16828680)/528)/(((-2)/(-8))/(4/(-8)))?
7
What is the thousands digit of ((-53804)/8)/(92/(-184))?
3
Let n(m) = -136*m + 90. Let t be ((-7)/(-3))/((-6)/18). What is the hundreds digit of n(t)?
0
Let v = 3050 + -742. What is the tens digit of v?
0
Suppose q - 6958 = -3*a + 2957, -q = 6. What is the tens digit of a?
0
Let m = -63 + 33. Let c = -27 - m. Suppose -q = 5*r - 39, -q + 2*r = -c - 64. What is the units digit of q?
9
Let u = -85 - -59. Let z be (150 - 3/1) + 1. Let j = z + u. What is the tens digit of j?
2
Let n(i) = 57*i + 21. Suppose 16*x - 3*x = 104. What is the tens digit of n(x)?
7
Let t be ((-110)/77)/(2/(-84)). What is the hundreds digit of (-5)/(t/316)*-12?
3
Let k(q) = 121*q - 15. Let b(s) = -2*s - 1. Let j(t) = 3*b(t) + k(t). What is the units digit of j(6)?
2
Suppose -2*k = -3*k - 3*d + 4851, -k + 3*d = -4857. Suppose -15*q + k = -3801. What is the tens digit of q?
7
Suppose 5246 + 14391 = -2*z + 82859. What is the ten thousands digit of z?
3
What is the units digit of -41 + 54 + (-6 - -14503)?
0
Let k(l) = -16*l**2 + 12*l + 18*l**2 - 9 - l**3 - l. Let n be k(4). Suppose 2*t - n*u - 315 = 2*u, 3*u = 4*t - 651. What is the units digit of t?
5
Suppose 13*u - 173232 = -11*u. What is the hundreds digit of u?
2
Let x(g) = -12*g + 68. Let p be x(23). Let i be ((-45)/(-6))/(-5)*p/12. Suppose 0 = q + 4*q - 3*s - 25, i = 2*q + 2*s. What is the units digit of q?
8
Let t = 46 + -37. Let i be (t/(-27))/((-3)/45). Suppose -3*l = 3*y - y - 401, i*l - 643 = 3*y. What is the units digit of l?
1
Let h = 20 - 10. Let s(l) be the second derivative of -l**4/12 + 11*l**3/6 + 11*l**2/2 + 845*l. What is the tens digit of s(h)?
2
Let m be ((-154)/44)/((-2)/36). Suppose j - 1 = 0, k = -3*k + j + m. Suppose -5*f = -39 - k. What is the units digit of f?
1
Suppose 3*y = 5*c - 18272, 4*c = -81*y + 84*y + 14617. What is the thousands digit of c?
3
Let s be 0 - -3 - (1 + -257). Let o = s - 193. What is the tens digit of o?
6
Suppose 17*q + 1352 = -1929. What is the tens digit of (-3 - q) + 1 + 6?
9
Let d(n) = 2*n**3 - 4*n**2 - 21*n + 276. What is the units digit of d(16)?
8
Suppose -59 = -2*v - 61. Let z(a) = -917*a**3 - a**2 + 3*a + 4. What is the units digit of z(v)?
7
Suppose -123*f = -172*f + 165424. What is the thousands digit of f?
3
Let z(w) = 14*w**2 + 6. Let t be z(-7). Let g = 1477 - t. What is the hundreds digit of g?
7
Let b = 2828 - 1899. Suppose -6*i + 11*i + v = 1551, v - b = -3*i. What is the tens digit of i?
1
Suppose -75 + 85 = 5*m. Suppose 20*o = 19*o + m. Let a(i) = 7*i**3 + 2*i - 3. What is the tens digit of a(o)?
5
What is the tens digit of 2643*((-442)/1326 + (22/3)/1)?
0
Suppose -32 = -4*f - 24. Let b be 129 - (1 + 1)*(-1)/f. Let u = -78 + b. What is the tens digit of u?
5
Let n(g) = g**3 - 13*g**2 - 36*g + 81. Suppose -5*c + 23 + 56 = b, 4*c - b = 65. What is the tens digit of n(c)?
7
Suppose 3*t - 17772 = m + 18402, -60290 = -5*t + m. What is the hundreds digit of t?
0
Let t(i) = -4*i**3 + 6*i**2 - 21*i. Let f be t(7). What is the hundreds digit of -3*f/(4 - -3)?
5
Let a(x) = -x**3 + x**2 + 2*x - 23. Let c be a(0). Let y = 37 + c. What is the units digit of (0 - (-1214)/y) + 66/231?
7
Let n(u) = u**3 + 13*u**2 + 40*u - 10. Let v be n(-6). Suppose 0 = 3*o - 4*c - 2207, v*c = -2*o + 215 + 1275. What is the units digit of o?
1
Let a(h) = 194*h**3 + 6*h**2 + 31*h - 69. What is the tens digit of a(2)?
6
Let r(z) = -33*z**3 - 1. Let n be r(-1). Let w = -30 + n. Suppose 2*j + 65 = 4*j - 5*l, 0 = 2*j + w*l - 44. What is the tens digit of j?
2
Let x(a) be the third derivative of 103*a**4/12 - 4*a**3/3 + 24*a**2 + 3. What is the thousands digit of x(7)?
1
Let f(y) = 1149*y + 8. Let i be f(1). Suppose 4631 = 6*v + i. What is the tens digit of v?
7
Let i = 100 + -101. Let v(n) = 275*n**2 - 7*n - 1. What is the tens digit of v(i)?
8
Let m be (36/21)/((-4)/(-266)). Let u = 48 - 90. Let d = u + m. What is the units digit of d?
2
Let y = -14 - 10. Let l = y - -22. Let q(k) = 3*k**2 - 3*k - 5. What is the units digit of q(l)?
3
Let g = 10584 - -1636. What is the ten thousands digit of g?
1
Let x(l) = -54*l + 1. Let f(z) = -2*z**2 + 5*z - 7. Let v be f(2). Let g(k) = 189*k - 3. Let y(d) = v*g(d) - 18*x(d). What is the units digit of y(5)?
2
Suppose -4*j - 5*o + 2783 = 0, 0 = 4*j + 4*o - o - 2793. What is the hundreds digit of j/2*39/39?
3
Let t(s) be the first derivative of 31 - 7/2*s**2 - 2*s + 2/3*s**3. What is the units digit of t(-7)?
5
Let m = -80261 - -133864. What is the ten thousands digit of m?
5
Suppose -2*m + 3724 = -5*m + j, 0 = -m - 5*j - 1220. Let b be 14/63 - m/9. What is the units digit of 60/18*(-3 - b/(-2))?
0
Let j be (-6458)/(-12) + (1 - (-56)/(-48)). Let o = 1001 + j. What is the hundreds digit of o?
5
Let x be (2/2)/(13/(63128/4)). Suppose 0 = -5*r + 1306 + x. What is the hundreds digit of r?
5
Let u(g) = -4*g - 22 + 7*g**2 + 0*g**2 - 6*g**2 - 11*g. Let t be u(17). Suppose -t*b + 19*b = 210. What is the units digit of b?
0
Let o = 1712 - 171. What is the units digit of o?
1
Let r = 9233 - 4494. What is the thousands digit of r?
4
What is the ten thousands digit of (9 + 273/26)*(-2676)/(-27)*6?
1
Suppose 3*d + w + 15 = -0*d, 3*d - 2*w = -15. What is the thousands digit of (142384/40)/(-11)*d?
1
Let d = -2360 + 2377. What is the units digit of d?
7
What is the hundreds digit of 1 + 2/(-1)*(-1662406)/124?
8
Suppose -24 = -6*t - 12. Suppose -s + 405 + 559 = t*w, 3*w - s = 1436. What is the units digit of w?
0
Let k = 418 - -4838. What is the tens digit of k?
5
Let b be (-1936)/(-7) + (-6)/(-14). Let i = -12 - -158. Suppose 2*l - c = b, 3*l - 2*l + c - i = 0. What is the units digit of l?
1
Let g be (21/6)/((-1)/(-2)). Let t(y) = -y**3 + 6*y**2 - 6*y - 12. Let h be t(g). Let z = 172 + h. What is the tens digit of z?
6
Let a(u) = 2*u**3 + 4*u**2 + 26*u - 44. What is the thousands digit of a(7)?
1
Suppose 187*c = 185*c - 356. Let t = 34 - c. What is the tens digit of t?
1
Let o(w) = -w**2 + 17*w - 118. Let x be o(40). Let p = -270 - x. What is the tens digit of p?
6
Suppose m = -z + 9638 + 10575, m + 4*z = 20210. What is the tens digit of m?
1
Let p be 1/1 + (-1)/2*-4. Suppose 0 = 7*r - p*r + 4*b - 108, -4*r = 3*b - 113. Suppose -3*h - r = -3*s + 289, -s = -3*h - 99. What is the units digit of s?
1
Let v(q) = q**3 + 61*q**2 - 500*q - 84. What is the units digit of v(-49)?
8
Let n be 1586/(-3) + (-1)/3. Let q(m) = -m**3 + 7*m**2 + 28*m - 6. Let g be q(-3). What is the tens digit of 36/162 + (n/(-9) - g)?
5
Let d be (7 - -30) + -2 - 7. Suppose -d*u - 4690 = -21350. What is the units digit of u?
5
Suppose 12*t - 24*t = 36*t - 227328. What is the hundreds digit of t?
7
Suppose 16*r = -56*r + 1731312. What is the tens digit of r?
4
Let a(m) = -731*m + 286. What is the units digit of a(-8)?
4
Let b = -2084 - -7158. What is the thousands digit of b?
5
Let j = 41568 - 29366. What is the hundreds digit of j?
2
Suppose -19*q + 23*q = 230564. What is the tens digit of q?
4
Suppose 0 = -3*j + 3*d + 21, 24 = j - 5*d - 3. Suppose 0 = -0*s + j*s - 1064. Suppose -3*m = -4*r - s, -2*r = -4*r + 4. What is the tens digit of m?
8
Let f = 19602 - -31528. What is the units digit of f?
0
Suppose h - 50 = -4*h - 5*d, 3*d = 5*h - 66. Suppose 0 = -18*m + h*m + 462. What is the units digit of m?
7
Let x(f) = 3*f + 22. Let s = -49 + 43. Let o be x(s). Suppose -o*y - 2*y = -762. What is the units digit of y?
7
Suppose 10*w + 33600 = -10*w + 45*w. What is the thousands digit of w?
1
Suppose 0 = -a - 2*a - 702. Let b(j) = 96*j - 5. Let s be b(-1). Let k = s - a. What is the hundreds digit of k?
1
Let u(s) = -s**3 + 8*s**2 + 3*s - 2. Let n = -14 - -19. Let f be u(n). Let z = -34 + f. What is the units digit of z?
4
Let b(y) = 670*y**3 + 4*y**2 - 3. Let h(